{"id":31,"date":"2020-07-23T07:35:19","date_gmt":"2020-07-23T04:35:19","guid":{"rendered":"http:\/\/www.vespafiz.com\/?page_id=31"},"modified":"2020-07-26T14:30:35","modified_gmt":"2020-07-26T11:30:35","slug":"pazar-arastirmasi-ve-sektor-analizi","status":"publish","type":"page","link":"http:\/\/www.vespafiz.com\/index.php\/pazar-arastirmasi-ve-sektor-analizi\/","title":{"rendered":"PAZAR ARA\u015eTIRMASI ve SEKT\u00d6R ANAL\u0130Z\u0130"},"content":{"rendered":"\n<p>Pazar Ara\u015ft\u0131rmas\u0131; belli bir urun i\u00e7in talep d\u00fczeyinin belirlenmesi ve talebi etkileyen fakt\u00f6rlerin ortaya konulmas\u0131 amac\u0131yla yap\u0131lan analizleri i\u00e7ermektedir. Sekt\u00f6r\u00fc yak\u0131ndan tan\u0131mak ve pazar\u0131 belirli b\u00fcy\u00fckl\u00fckler a\u00e7\u0131s\u0131ndan detayl\u0131 analiz etmek i\u00e7in yap\u0131lan bir analizdir.<\/p>\n\n\n\n<p>Bir pazar ara\u015ft\u0131rmas\u0131 a\u015fa\u011f\u0131da yer alan temel ba\u015fl\u0131klara y\u00f6nelik detayl\u0131 analizleri i\u00e7ermektedir:<\/p>\n\n\n\n<p>Sekt\u00f6r\u00fcn pazar&nbsp;&nbsp;(talep) b\u00fcy\u00fckl\u00fc\u011f\u00fc<\/p>\n\n\n\n<p>\u0130lgili \u00fcr\u00fcn\/sekt\u00f6r\u00fcn d\u00fcnya talebi<\/p>\n\n\n\n<p>Yurti\u00e7i pazar\u0131n b\u00fcy\u00fckl\u00fc\u011f\u00fc<\/p>\n\n\n\n<p>D\u00fcnya pazar\u0131nda rakip \u00fclkeler<\/p>\n\n\n\n<p>Sekt\u00f6rde faaliyet g\u00f6steren firmalar<\/p>\n\n\n\n<p>Firmalar\u0131n pazara sunduklar\u0131 \u00fcr\u00fcnler ve Pazar paylar\u0131<\/p>\n\n\n\n<p>Pazar\u0131n b\u00fcy\u00fcmesi ve talepteki de\u011fi\u015fimler<\/p>\n\n\n\n<p>\u00d6n\u00fcm\u00fczdeki d\u00f6neme ili\u015fkin beklentiler<\/p>\n\n\n\n<p>Sekt\u00f6r\u00fcn g\u00fc\u00e7l\u00fc ve zay\u0131f y\u00f6nleri<\/p>\n\n\n\n<p>Sekt\u00f6rdeki f\u0131rsatlar ve tehdit unsurlar\u0131<\/p>\n","protected":false},"excerpt":{"rendered":"<p>Pazar Ara\u015ft\u0131rmas\u0131; belli bir urun i\u00e7in talep d\u00fczeyinin belirlenmesi ve talebi etkileyen fakt\u00f6rlerin ortaya konulmas\u0131 amac\u0131yla yap\u0131lan analizleri i\u00e7ermektedir. Sekt\u00f6r\u00fc yak\u0131ndan tan\u0131mak ve pazar\u0131 belirli b\u00fcy\u00fckl\u00fckler a\u00e7\u0131s\u0131ndan detayl\u0131 analiz etmek i\u00e7in yap\u0131lan bir analizdir. Bir pazar ara\u015ft\u0131rmas\u0131 a\u015fa\u011f\u0131da yer alan temel ba\u015fl\u0131klara y\u00f6nelik detayl\u0131 analizleri i\u00e7ermektedir: Sekt\u00f6r\u00fcn pazar&nbsp;&nbsp;(talep) b\u00fcy\u00fckl\u00fc\u011f\u00fc \u0130lgili \u00fcr\u00fcn\/sekt\u00f6r\u00fcn d\u00fcnya talebi Yurti\u00e7i pazar\u0131n&#8230;<a class=\"read-more-link button\" href=\"http:\/\/www.vespafiz.com\/index.php\/pazar-arastirmasi-ve-sektor-analizi\/\">Read more<\/a><\/p>\n","protected":false},"author":1,"featured_media":0,"parent":0,"menu_order":0,"comment_status":"closed","ping_status":"closed","template":"","meta":[],"_links":{"self":[{"href":"http:\/\/www.vespafiz.com\/index.php\/wp-json\/wp\/v2\/pages\/31"}],"collection":[{"href":"http:\/\/www.vespafiz.com\/index.php\/wp-json\/wp\/v2\/pages"}],"about":[{"href":"http:\/\/www.vespafiz.com\/index.php\/wp-json\/wp\/v2\/types\/page"}],"author":[{"embeddable":true,"href":"http:\/\/www.vespafiz.com\/index.php\/wp-json\/wp\/v2\/users\/1"}],"replies":[{"embeddable":true,"href":"http:\/\/www.vespafiz.com\/index.php\/wp-json\/wp\/v2\/comments?post=31"}],"version-history":[{"count":3,"href":"http:\/\/www.vespafiz.com\/index.php\/wp-json\/wp\/v2\/pages\/31\/revisions"}],"predecessor-version":[{"id":133,"href":"http:\/\/www.vespafiz.com\/index.php\/wp-json\/wp\/v2\/pages\/31\/revisions\/133"}],"wp:attachment":[{"href":"http:\/\/www.vespafiz.com\/index.php\/wp-json\/wp\/v2\/media?parent=31"}],"curies":[{"name":"wp","href":"https:\/\/api.w.org\/{rel}","templated":true}]}}